 common factor of 6623 and 407.
37
Calculate the highest common factor of 18103 and 43.
43
Calculate the greatest common factor of 56 and 105.
7
Calculate the highest common factor of 272 and 208.
16
Calculate the greatest common factor of 80 and 1808.
16
What is the greatest common factor of 17268 and 12?
12
Calculate the greatest common divisor of 4084 and 2.
2
Calculate the highest common divisor of 828 and 391.
23
What is the highest common divisor of 92 and 322?
46
What is the highest common factor of 90 and 18?
18
What is the greatest common divisor of 152 and 12?
4
What is the greatest common factor of 247 and 551?
19
What is the highest common divisor of 392 and 1302?
14
Calculate the highest common factor of 74 and 11396.
74
Calculate the highest common divisor of 9 and 207.
9
Calculate the highest common factor of 184 and 24.
8
What is the greatest common factor of 60 and 804?
12
What is the greatest common factor of 544 and 1292?
68
Calculate the greatest common divisor of 65 and 52.
13
Calculate the highest common factor of 980 and 28.
28
Calculate the highest common factor of 231 and 385.
77
Calculate the highest common factor of 45 and 60.
15
Calculate the greatest common divisor of 24 and 36.
12
What is the greatest common factor of 16 and 4436?
4
Calculate the greatest common divisor of 26 and 3.
1
What is the greatest common divisor of 64 and 1728?
64
What is the highest common divisor of 481 and 143?
13
Calculate the greatest common divisor of 33 and 1749.
33
Calculate the greatest common factor of 119 and 7.
7
What is the highest common factor of 3 and 351?
3
Calculate the greatest common factor of 33 and 15.
3
Calculate the greatest common divisor of 20 and 2.
2
Calculate the greatest common divisor of 50 and 610.
10
Calculate the greatest common divisor of 94 and 5452.
94
What is the highest common factor of 75 and 25?
25
What is the greatest common factor of 1072 and 80?
16
What is the highest common divisor of 5792 and 1629?
181
What is the highest common factor of 2346 and 102?
102
Calculate the highest common divisor of 1557 and 63.
9
What is the highest common factor of 8 and 56?
8
What is the highest common divisor of 1826 and 154?
22
Calculate the highest common factor of 33 and 803.
11
Calculate the highest common divisor of 14810 and 10.
10
Calculate the highest common divisor of 32 and 432.
16
Calculate the greatest common factor of 152 and 551.
19
What is the highest common divisor of 1275 and 5151?
51
Calculate the greatest common divisor of 6 and 3282.
6
What is the highest common factor of 20 and 810?
10
Calculate the highest common factor of 752 and 47.
47
What is the greatest common factor of 2615 and 5?
5
Calculate the highest common divisor of 72 and 2376.
72
Calculate the highest common divisor of 4 and 50.
2
Calculate the highest common factor of 1195 and 10.
5
What is the highest common divisor of 5 and 95?
5
Calculate the greatest common factor of 897 and 312.
39
What is the highest common divisor of 12587 and 41?
41
What is the greatest common divisor of 94 and 4?
2
Calculate the greatest common divisor of 19 and 475.
19
What is the greatest common factor of 915 and 30?
15
What is the greatest common divisor of 40 and 680?
40
Calculate the highest common divisor of 6 and 438.
6
Calculate the greatest common factor of 12 and 78.
6
Calculate the highest common divisor of 152 and 76.
76
Calculate the greatest common factor of 21 and 2502.
3
What is the highest common factor of 104 and 78?
26
Calculate the highest common divisor of 42 and 273.
21
Calculate the greatest common divisor of 36 and 162.
18
Calculate the highest common factor of 54 and 336.
6
Calculate the highest common factor of 6 and 18903.
3
Calculate the highest common divisor of 64 and 128.
64
What is the highest common divisor of 304 and 532?
76
Calculate the greatest common factor of 12 and 172.
4
Calculate the highest common divisor of 21276 and 270.
54
What is the greatest common factor of 34 and 2?
2
What is the greatest common divisor of 3893 and 119?
17
Calculate the greatest common divisor of 85 and 595.
85
Calculate the highest common factor of 30 and 102.
6
What is the highest common divisor of 779 and 19?
19
Calculate the highest common divisor of 5084 and 124.
124
What is the highest common divisor of 91 and 221?
13
What is the greatest common factor of 217 and 465?
31
What is the greatest common divisor of 12 and 156?
12
What is the greatest common divisor of 1025 and 50?
25
What is the highest common factor of 7 and 137?
1
Calculate the greatest common factor of 32 and 1072.
16
What is the highest common factor of 6248 and 352?
88
What is the highest common divisor of 630 and 70?
70
Calculate the greatest common factor of 203 and 377.
29
What is the highest common factor of 42 and 102?
6
What is the greatest common divisor of 66 and 550?
22
Calculate the highest common divisor of 9944 and 8.
8
Calculate the greatest common divisor of 32 and 7328.
32
Calculate the highest common factor of 33 and 15.
3
What is the highest common divisor of 1850 and 125?
25
What is the greatest common divisor of 29134 and 14?
14
What is the greatest common factor of 4891 and 67?
67
What is the greatest common factor of 418 and 638?
22
What is the highest common divisor of 63 and 3654?
63
Calculate the greatest common divisor of 544 and 64.
32
What is the highest common factor of 48 and 2796?
12
Calculate the greatest common divisor of 32 and 24.
8
Calculate the greatest common factor of 6776 and 56.
56
Calculate the greatest common divisor of 75 and 100.
25
Calculate the highest common divisor of 156 and 91.
13
Calculate the highest common factor of 56 and 1288.
56
Calculate the greatest common factor of 946 and 22.
22
What is the greatest common factor of 168 and 147?
21
Calculate the greatest common divisor of 24 and 388.
4
Calculate the greatest common divisor of 1250 and 4250.
250
Calculate the highest common factor of 42 and 112.
14
What is the greatest common divisor of 48 and 282?
6
What is the highest common factor of 35 and 245?
35
Calculate the highest common divisor of 2091 and 255.
51
What is the greatest common factor of 108 and 54?
54
Calculate the highest common divisor of 670 and 20.
10
What is the greatest common factor of 33 and 264?
33
Calculate the greatest common divisor of 3157 and 231.
77
Calculate the greatest common factor of 3 and 189.
3
Calculate the highest common divisor of 121 and 23.
1
Calculate the highest common factor of 434 and 56.
14
What is the highest common divisor of 500 and 20?
20
Calculate the greatest common factor of 2898 and 1794.
138
Calculate the greatest common factor of 90 and 18.
18
What is the greatest common factor of 935 and 374?
187
Calculate the highest common factor of 2904 and 84.
12
Calculate the greatest common divisor of 24 and 68.
4
What is the greatest common divisor of 104 and 40?
8
What is the greatest common factor of 6993 and 189?
189
What is the greatest common divisor of 928 and 29?
29
Calculate the greatest common divisor of 1188 and 22.
22
What is the greatest common factor of 1440 and 12?
12
What is the highest common divisor of 856 and 40?
8
What is the highest common factor of 2546 and 268?
134
Calculate the highest common factor of 888 and 18.
6
Calculate the highest common factor of 98 and 56.
14
What is the highest common divisor of 334 and 2?
2
Calculate the greatest common divisor of 168 and 1680.
168
Calculate the highest common divisor of 14 and 406.
14
Calculate the highest common divisor of 36 and 32.
4
Calculate the highest common factor of 20 and 5690.
10
Calculate the highest common divisor of 2286 and 18.
18
What is the greatest common factor of 1353 and 561?
33
What is the highest common divisor of 882 and 504?
126
Calculate the greatest common factor of 57 and 10317.
57
What is the greatest common factor of 357 and 51?
51
Calculate the highest common factor of 9675 and 675.
225
Calculate the highest common factor of 55 and 135.
5
What is the greatest common divisor of 1716 and 546?
78
Calculate the greatest common factor of 1739 and 141.
47
Calculate the greatest common factor of 36 and 72108.
36
What is the highest common divisor of 14 and 952?
14
Cal